ded by 13?
12
Suppose -52 = -24*r + 19*r - 3*c, -5*r = 4*c - 56. What is the remainder when 87 is divided by r?
7
Let u = -288 - -310. Calculate the remainder when 41 is divided by u.
19
Let p(d) = -d**3 + 3*d**2 + 3*d. Let a be 6/9 - 86/(-6). Suppose u = 6*u - a. What is the remainder when 25 is divided by p(u)?
7
What is the remainder when -21*((-27)/21 + -7) is divided by 48?
30
Suppose -5*t - 2*b = -9, t + 2*t + 3*b = 0. Suppose 0 = -5*m - t + 63. Calculate the remainder when m is divided by 12.
0
Let i(a) be the first derivative of -a**3/3 - 9*a**2 - 41*a - 30. What is the remainder when i(-13) is divided by 9?
6
Suppose -4*t - 73 = -30*o + 27*o, 21 = o + 2*t. Calculate the remainder when 80 is divided by o.
11
Let a = 33 - 16. Calculate the remainder when -2 + 6*6 + -14 + 11 is divided by a.
14
Suppose 413*f - 403*f = 320. What is the remainder when 379 is divided by f?
27
Let o = -21 - -26. Suppose d = y - 3*d - 210, o*d = -5*y + 925. What is the remainder when y is divided by 48?
46
Let p be (-7)/(-28) + 195/(-12) + 2. Calculate the remainder when 31 is divided by 22 + (3 - p/(-2)).
13
Let v = -390 + 402. Calculate the remainder when 155 is divided by v.
11
Suppose 0 = 3*f - 2 - 4. Suppose -7*l + 2*l + 224 = f*r, 94 = 2*l + 3*r. Suppose -s = 4, 0 = -2*v + s + s + 54. What is the remainder when l is divided by v?
21
Suppose -28*c + 34*c = 48. What is the remainder when 1094 is divided by c?
6
Calculate the remainder when 37 - (1 - (-4 + -4)) is divided by (4/(-10))/((-2)/50).
8
Suppose 3*i - 16 = 41. Calculate the remainder when ((-338)/6)/(5 - 208/39) is divided by i.
17
Suppose 7*f = 6*f + 23. Suppose 3*l - 45 = -0*c - c, 4*l + 263 = 5*c. What is the remainder when c is divided by f?
5
Let p be (-13 - -18)*(-116)/10. Let r = 133 + p. Let h(f) = -f**3 - 4*f**2 + 2*f + 5. Calculate the remainder when r is divided by h(-5).
15
Suppose -10*y + 8*y = -4. What is the remainder when (y - 3)*(-24)/9*3 is divided by 5?
3
Let g = 68 + -63. Suppose 5*f - 61 = -3*p + 146, g*f = 3*p + 213. What is the remainder when 167 is divided by f?
41
Suppose -11*u = -176 - 660. Calculate the remainder when u is divided by 16.
12
Suppose -2*a - 157 = 3*m, -4*m + 7*m - 3*a = -132. Let i = m + 146. Let t = -68 + i. Calculate the remainder when t is divided by 8.
5
Suppose -865 = -2*w - 815. Calculate the remainder when 61 is divided by w.
11
Let b be (40/15 - -6)/((-2)/12). Let h = 57 + b. Suppose 4*y + 16 = 4*k, 2*y + 4 = -2*y. Calculate the remainder when h is divided by k.
2
Let g(l) = -3*l + 3. Let b be (0/(-1))/(1/(-1)). Suppose b = 2*t - 2*i - 14, -4*t - 5*i + 16 + 39 = 0. What is the remainder when g(-5) is divided by t?
8
Let j = 103 + -60. Let n = j - 27. Let q = 22 + 8. Calculate the remainder when q is divided by n.
14
Suppose -5*l + 7 = -8. Let i be ((-48)/(-10))/(2/10). Suppose -27 = -l*g + i. Calculate the remainder when g is divided by 9.
8
Suppose -h = 3*h - 72. Suppose -2*f - h = -4*x, -5*x - 4*f + 50 = -f. Calculate the remainder when 31 is divided by x.
3
Let n(x) = 13*x**2 - 2*x - 1. Suppose 44 = 7*y + 16. Suppose -i - y*q + 5*q = -43, -5*q = 2*i - 58. Calculate the remainder when i is divided by n(-1).
11
Let w(k) = 3*k**3 - 13*k**2 + 24*k + 9. What is the remainder when w(6) is divided by 16?
13
Suppose -6*i + 3*i + 115 = 4*t, -2*t = -i + 45. What is the remainder when 159 is divided by i?
36
Suppose -23*c = -13*c - 4930. What is the remainder when c is divided by 15?
13
Suppose -16 = -4*l, 138 + 94 = 4*f + 5*l. What is the remainder when f is divided by 14?
11
Let s(j) = -j**3 + 16*j**2 + 18*j + 18. Let p be s(17). Suppose 0 = -n - 30 + p. Calculate the remainder when 5 is divided by n.
0
Let f = 14 + -2. What is the remainder when ((-7)/2 + 3)*2 + 57 is divided by f?
8
Let n be -1 - (-3)/(0 - -3). Calculate the remainder when (3 - (4 - n)) + 13 is divided by 6.
0
Let h(w) = -w**3 - 3*w**2 - 2. Let k be (-68)/(-6)*75/10. Let v = k + -45. Calculate the remainder when v is divided by h(-4).
12
Let c(m) = m**3 - 7*m**2 - 2*m - 8. Let j be c(8). Suppose -u - 3*u + j = 0. Let l = -41 - -58. What is the remainder when l is divided by u?
7
Let o be (-3)/(-4) + (-6)/(-24). Suppose d - 3*d = 3*w - 182, -364 = -4*d - 3*w. Calculate the remainder when d is divided by 10/(-2) - (-36)/o.
29
Let a(p) = p. Let y(z) = z**3 + 8*z**2 - 22*z - 8. Let k be y(-10). What is the remainder when (33/k)/(6/24) is divided by a(5)?
1
Let b = -723 - -944. Calculate the remainder when b is divided by 26.
13
Let a = 684 - 669. Suppose -c + 9 = -17. What is the remainder when c is divided by a?
11
Suppose -25 = -4*j - j. Let a = j - 5. Suppose -2*f = -a*f + 5*y - 64, 0 = -f + 4*y + 58. What is the remainder when f is divided by 11?
9
Let c = 2210 - 2075. Calculate the remainder when c is divided by 39.
18
Suppose -26*t - 5*t = -2325. Calculate the remainder when t is divided by 16.
11
Let c(w) = -3*w**3 - 2*w**2 - 7*w - 16. What is the remainder when 405 is divided by c(-3)?
65
Suppose 358 = -8*j + 534. What is the remainder when 75 is divided by j?
9
Let v be 2/(-8) + 14/(-8). Let p = 10 + v. Calculate the remainder when 63 is divided by (5 + p)*(2 + -1).
11
Suppose 0 = -4*w - 12, o - 61 = -4*o - 3*w. What is the remainder when o is divided by 6?
2
Let n(c) = -2*c**3 - 3*c**2 - 4*c + 3. What is the remainder when n(-3) is divided by 15?
12
Let q = -418 - -874. Calculate the remainder when q is divided by 78.
66
Let i(u) = u**2 + 15*u + 23. Let w be i(-5). Let l = 6 - w. Calculate the remainder when 129 is divided by l.
30
Let q = 3 - 20. Let s = q - -47. Let f = -6 - -14. Calculate the remainder when s is divided by f.
6
Let u = 34 + 11. Let d = -890 + 897. What is the remainder when u is divided by d?
3
Let r(z) = 21*z**2 + 19*z + 6. Let t(w) = 10*w**2 + 9*w + 3. Let l(h) = -6*r(h) + 13*t(h). What is the remainder when 51 is divided by l(-2)?
12
Let g be 1*10*(-12)/15. Suppose y = -3*c + 17, 38 = 4*c - 5*y - 10. Calculate the remainder when 62 is divided by (-1 + c)*g/(-3).
14
Let r(m) = m**2 - 2*m - 4. Suppose 8*q + 4 = 9*q. Suppose -5*c - 4*u + 139 = 0, -q*u - 47 = -2*c + 31. Calculate the remainder when c is divided by r(-3).
9
Let w(g) = 3*g**2 - 2*g - 50. What is the remainder when 89 is divided by w(5)?
14
Suppose 61 = 6*a - 287. Let p = a + -15. What is the remainder when p is divided by 11?
10
Let y be -38*(13/(-2) - -1). Suppose -8*i + 713 = y. What is the remainder when i is divided by 16?
15
Let a(k) = 4*k**2 - 11*k - 19. Calculate the remainder when 899 is divided by a(-3).
49
Let o = 3 - 1. Suppose 0*c - 40 = -o*c. Calculate the remainder when ((-72)/c)/(-3)*45 is divided by 19.
16
Let y = 4 + 13. Suppose 5*a + 3*k + 2*k = 5, 0 = 2*a - 5*k - 16. Suppose a*m - 22 = -4. Calculate the remainder when y is divided by m.
5
Let u = 719 + -637. Calculate the remainder when u is divided by 23.
13
Let y = 474 + -375. Calculate the remainder when y is divided by 47.
5
Suppose -5*y - x = -8, -y - 8 = -0*y + 5*x. Suppose 0 = -y*z - 0*z + 38. Calculate the remainder when z is divided by 7.
5
Let n be ((-19)/(-2))/(14/196). Let l = n - 61. Calculate the remainder when l is divided by 15.
12
Let w be (-4 + 3 - -29) + 2. Suppose w = 16*n - 11*n. What is the remainder when n is divided by 2?
0
Suppose -8 = -w - 18*t + 19*t, 0 = w - 5*t - 28. Calculate the remainder when 710 is divided by w.
2
Suppose -p + 4*u - 57 = 0, -5*u = 2*p - 4*p - 120. Let d = p - -90. What is the remainder when d is divided by 14?
11
Suppose n = m + 46, 3*n - 31 = m - n. Let q = 12 + m. Let v = q - -67. What is the remainder when v is divided by 10?
8
Suppose -2*k = k - 30. Let c(b) = 2*b + 73 - 73. What is the remainder when k is divided by c(3)?
4
Suppose -60 = -3*n - 0*n. Let a = -63 - 4. Let j = 105 + a. What is the remainder when j is divided by n?
18
What is the remainder when 62 is divided by 192/8 - -1 - (1 + -1)?
12
Let o(h) = -h**2 - 6*h + 6. Calculate the remainder when 13 is divided by o(-6).
1
Suppose -1374 = -12*a + 1098. What is the remainder when a is divided by 7?
3
Suppose -1 = -p + 1. Let b be (-1 - 8) + (6 - p). Let t = b - -13. What is the remainder when 23 is divided by t?
7
Let z = -1 + 12. Let j(h) = 19*h + 120. Let x(g) = -5*g - 30. Let m(r) = 2*j(r) + 9*x(r). What is 